x - 375. Determine k(17).
16
Let u(j) = -j**3 + 311*j**2 - 2124*j - 1220. What is u(304)?
-4
Let l(m) = -64*m. What is l(0)?
0
Let y(k) = 2*k**3 - 27*k**2 + 56*k - 19. Determine y(11).
-8
Let a(m) = 7*m + 452. What is a(-67)?
-17
Let j(o) = 2*o**3 - 265*o**2 - 132*o - 123. Determine j(133).
10
Let d(b) = b**2 + 13*b + 53. Calculate d(-5).
13
Let k(q) = q + 193. Calculate k(-15).
178
Let w(t) = -t**2 - 31*t - 212. Calculate w(-11).
8
Let q(p) = p**3 + 4*p**2 - 53*p - 156. Determine q(-8).
12
Let h(p) = 102*p**2 - 1534*p + 67. Calculate h(15).
7
Let h(d) = -4*d**2 + 82*d - 38. What is h(20)?
2
Let f(g) = -9*g + 108. Determine f(2).
90
Let t(n) = -41*n**2 - 707*n - 825. What is t(-16)?
-9
Let v(b) = 37*b**3 - 376*b**2 + 64*b - 41. Calculate v(10).
-1
Let w(v) = 258*v + 2839. Determine w(-11).
1
Let s(l) = -l**3 - 74*l**2 + 71*l - 328. What is s(-75)?
-28
Let y(k) = -k**2 + 7*k - 39. What is y(6)?
-33
Let o(m) = 4*m - 155. Determine o(25).
-55
Let z(h) = h**3 + 11*h**2 - 53*h - 31. Calculate z(-13).
320
Let c(j) = -j**3 + 25*j**2 - 49*j - 33. Give c(23).
-102
Let o(d) = d**2 - 40*d - 1448. Give o(-23).
1
Let h(p) = 42*p - 1239. Calculate h(29).
-21
Let f(t) = 31*t - 1792. Give f(58).
6
Let v(j) = -5*j**3 + 11*j**2 - 2*j + 59. Calculate v(6).
-637
Let z(t) = t**2 - 669*t - 20239. Give z(-29).
3
Let u(p) = -17*p**2 + 58*p - 22. Determine u(3).
-1
Let c(o) = 41*o + 49. Determine c(1).
90
Let h(b) = 19*b**2 + 289*b + 91. What is h(-15)?
31
Let u(g) = -g**3 + 15*g**2 + 116*g - 1396. Determine u(17).
-2
Let l(o) = -463*o - 936. What is l(-2)?
-10
Let l(q) = 167*q - 652. Determine l(4).
16
Let d(p) = -p**2 - 97*p - 1654. Calculate d(-75).
-4
Let g(a) = -a**3 - 34*a**2 - 233*a + 55. Give g(-24).
-113
Let w(a) = 1095*a + 5498. Calculate w(-5).
23
Let p(h) = 208*h - 1237. Calculate p(6).
11
Let b(f) = f**3 - 15*f**2 - 81*f - 376. Determine b(20).
4
Let t(v) = v**3 + 23*v**2 + 58*v + 10. Give t(-20).
50
Let b(o) = 13*o**2 + 337*o + 29. What is b(-26)?
55
Let c(d) = 2*d**3 + 14*d**2 - 3*d + 22. Give c(-7).
43
Let k(d) = -4*d**2 - 229*d - 112. Determine k(-56).
168
Let t(y) = 12*y**2 + 119*y - 152. Give t(-11).
-9
Let r(o) = -o**2 - 15*o - 32. What is r(-16)?
-48
Let q(n) = -451*n + 5869. What is q(13)?
6
Let w(o) = o**3 - 38*o**2 + o - 28. Determine w(38).
10
Let u(n) = 10*n**3 + 59*n**2 - 9*n - 8. Determine u(-6).
10
Let q(k) = k**2 - 2*k - 98. Give q(0).
-98
Let i(r) = 17*r + 42. What is i(-4)?
-26
Let w(p) = 172*p + 20814. Determine w(-121).
2
Let s(j) = 2*j**3 - 5*j**2 + 2*j - 1. Determine s(3).
14
Let c(q) = -4*q**3 - 326*q**2 - 165*q - 76. What is c(-81)?
167
Let a(m) = -2*m**2 - 2141*m + 23798. What is a(11)?
5
Let f(z) = -3*z**3 - z**2 + 10*z - 22. Determine f(5).
-372
Let h(p) = 144*p**2 + 720*p. Give h(-5).
0
Let f(l) = l**3 - 9*l**2 - 25*l + 54. Give f(12).
186
Let y(p) = 8153*p - 317963. Calculate y(39).
4
Let a(l) = 3*l**3 + 221*l**2 - 72*l + 163. Determine a(-74).
15
Let x(n) = 2*n**3 - 55*n**2 + 24*n + 74. Determine x(27).
-7
Let y(t) = -t**3 - 2*t**2 + 12*t + 126. Determine y(-8).
414
Let i(p) = 62*p - 152. What is i(7)?
282
Let x(m) = 10*m - 243. Calculate x(24).
-3
Let n(b) = 1310*b - 14409. What is n(11)?
1
Let w(o) = -198*o - 3260. Calculate w(-16).
-92
Let c(d) = -3*d**2 + 98*d - 579. Determine c(8).
13
Let x(c) = -277*c + 1407. What is x(5)?
22
Let y(q) = 2*q**2 - 173*q + 71. Determine y(86).
-15
Let k(q) = q**3 + 33*q**2 + 137*q - 32. Give k(-5).
-17
Let p(h) = -5*h - 163. Give p(14).
-233
Let v(k) = k**3 + 5*k**2 - 48*k - 17. Give v(5).
-7
Let p(f) = 2*f**2 + 13*f - 338. Give p(11).
47
Let u(a) = -a**3 + 57*a**2 + 310*a - 75. Give u(62).
-75
Let m(p) = 60*p - 10. What is m(-5)?
-310
Let z(m) = -20*m + 637. What is z(35)?
-63
Let f(u) = -908*u - 2. Calculate f(0).
-2
Let m(h) = -h**3 - 46*h**2 - 51*h - 2346. What is m(-46)?
0
Let a(l) = 3*l**2 + 14*l + 45. Give a(-6).
69
Let l(m) = -7*m**2 - 68*m + 14. Determine l(-10).
-6
Let n(u) = -2404*u + 9601. Give n(4).
-15
Let q(d) = 4*d**2 - 19*d - 27. What is q(4)?
-39
Let a(l) = l**2 - 77*l + 1184. Calculate a(53).
-88
Let a(j) = -7*j**2 + 66*j - 37. What is a(11)?
-158
Let r(j) = j**3 + 11*j**2 + 71*j + 638. What is r(-10)?
28
Let p(f) = -147*f + 885. Calculate p(6).
3
Let q(a) = a**2 - 46*a + 485. What is q(16)?
5
Let o(d) = 2*d**2 + 268*d + 539. Determine o(-2).
11
Let l(f) = -f**3 - 50*f**2 + 210*f - 324. Determine l(-54).
0
Let b(y) = y**2 + 51*y + 905. Give b(-17).
327
Let o(j) = -78*j - 169. Determine o(7).
-715
Let k(f) = 2*f**2 - 33*f + 48. Calculate k(16).
32
Let i(d) = -d**2 + 293*d + 1783. Give i(-6).
-11
Let o(h) = -2*h**3 - 36*h**2 - 8*h - 11. Give o(-17).
-453
Let r(t) = -t**2 - 6*t + 137. Determine r(-16).
-23
Let t(m) = -m**3 + 30*m**2 + 6*m - 1132. Give t(29).
-117
Let w(t) = -14*t**2 + 3*t - 17. Calculate w(4).
-229
Let a(j) = 31*j - 223. Determine a(12).
149
Let c(h) = 5210*h + 15605. Calculate c(-3).
-25
Let h(i) = i**2 - 180*i - 1318. Calculate h(-7).
-9
Let b(d) = 2591*d - 7778. Give b(3).
-5
Let v(k) = -22*k - 1142. Calculate v(-60).
178
Let m(w) = 7*w**2 + 87*w - 40. Determine m(-11).
-150
Let z(h) = -34*h + 1672. Determine z(49).
6
Let u(f) = -f**2 + 181*f - 5545. What is u(39)?
-7
Let u(q) = 802*q - 3. Calculate u(0).
-3
Let l(x) = -85*x + 1874. Calculate l(22).
4
Let x(r) = -1124*r - 4490. Give x(-4).
6
Let d(b) = -b**3 - 8*b**2 - 241*b - 877. Determine d(-4).
23
Let r(x) = -6*x**2 + 88*x - 1. What is r(14)?
55
Let r(z) = -3*z**2 - 407*z - 3058. Calculate r(-8).
6
Let h(n) = -767*n**3 - 5*n**2 + 5*n + 9. Determine h(-1).
766
Let d(q) = -q**3 - 31*q**2 - 69*q - 371. Determine d(-29).
-52
Let n(g) = 1691*g + 28767. Give n(-17).
20
Let g(n) = -88*n**3 - 16*n + 17. What is g(1)?
-87
Let k(q) = 16*q + 9. Determine k(14).
233
Let p(f) = 28*f - 2494. Give p(89).
-2
Let c(f) = f**3 - 44*f**2 + 24*f + 824. Determine c(43).
7
Let r(v) = 44*v + 2399. Give r(-56).
-65
Let o(p) = 2*p**3 + 23*p**2 - 35*p - 369. Determine o(-11).
137
Let r(g) = -g**3 + 14*g**2 - 22*g - 73. What is r(12)?
-49
Let v(k) = 3*k**2 - 272*k - 125. Calculate v(91).
-34
Let o(n) = -7*n + 102. What is o(15)?
-3
Let q(f) = -f**3 - 36*f + 173. Calculate q(4).
-35
Let t(o) = -14*o - 19. Give t(-6).
65
Let r(w) = 2*w**2 + 22*w + 11. What is r(-6)?
-49
Let z(p) = 2*p**3 + 79*p**2 + 131*p + 43. Give z(-38).
-603
Let k(q) = -q**3 - 100*q**2 + 102*q + 88. What is k(-101)?
-13
Let m(q) = -8*q**2 + 10*q - 2. Calculate m(2).
-14
Let i(z) = z**2 - 9*z - 265. What is i(21)?
-13
Let m(q) = -64*q + 58. Determine m(0).
58
Let d(o) = -897*o**2 + 19732*o + 31. What is d(22)?
-13
Let c(j) = j**3 + j**2 + 934*j + 1862. Give c(-2).
-10
Let j(a) = 130*a - 7306. What is j(56)?
-26
Let z(r) = r**2 - 29*r + 1. What is z(25)?
-99
Let x(s) = 1491*s + 5952. Determine x(-4).
-12
Let k(r) = -r**2 - 25*r - 25. Give k(-22).
41
Let a(f) = 12*f + 430. Determine a(-34).
22
Let l(n) = 17*n**2 - 1439*n - 504. Determine l(85).
6
Let u(y) = y**3 - 8*y**2 - 3*y - 9. Determine u(-4).
-189
Let m(z) = 2*z**2 + 30*z - 6. Determine m(0).
-6
Let i(u) = 2*u**3 - 4*u**2 + 12*u + 108. Give i(-6).
-540
Let f(l) = 2*l**2 - 55*l - 292. Calculate f(-5).
33
Let d(h) = -2*h**2 + 51*h - 112. Give d(2).
-18
Let u(s) = -52*s - 2363. Give u(-50).
237
Let h(t) = t - 206. What is h(-36)?
-242
Let f(t) = 3*t**2 + 15*t - 11. Calculate f(-10).
139
Let n(j) = 29*j + 5139. What is n(-183)?
-168
Let q(o) = -9054*o + 117715. Give q(13).
13
Let f(a) = 9*a**2 + 53*a + 100. Calculate f(-2).
30
Let d(j) = 128*j - 3455. Give d(27).
1
Let s(c) = 470*c + 19735. What is s(-42)?
-5
Let v(t) = 130*t + 15042. Calculate v(-116).
-38
Let f(m) = 3*m**2 + 276*m - 288. What is f(-93)?
-9
Let i(f) = -2*f**2 - 11*f + 5. What is i(-4)?
17
Let i(w) = 3316*w - 16556. What is i(5)?
24
Let h(r) = r**2 - 187*r + 557. What is h(3)?
5
Let p(i) = 11*i + 41. Calculate p(-4).
-3
Let b(j) = 112*j + 3214. What is b(-29)?
-34
Let a(q) = -2*q**3 + 58*q**2 - 88*q + 15. Determine a(27).
555
Let b(r) = -15*r**2 - 29*r - 3. Calculate b(0).
-3
Let r(b) = -5*b**2 + 108*b + 47. Calculate r(22).
3
Let s(z) = z**2 + 50*z + 239. Determine s(-6).
-25
Let f(y) = -y**3 + 4*y**2 + 779*y - 38. Give f(-26).
-12
Let o(d) = -d**3 + 64*d**2 + 1171*d + 1097. Give o(79).
-9
Let p(n) = -6*n**2 + 20*n + 8806. Calculate p(4